a prime number?
False
Is 708996241 a composite number?
False
Is 5398002151 composite?
True
Is 17102440099 a prime number?
True
Is 57447730997 a composite number?
False
Is 260840219 composite?
False
Is 8601217993 composite?
False
Is 27810291629 prime?
False
Is 194592598 prime?
False
Is 1650782687 prime?
True
Is 4584817997 composite?
False
Is 1034355511 composite?
True
Is 1346013169 prime?
False
Is 4172128747 a composite number?
True
Is 1414216534 composite?
True
Is 5695647145 a composite number?
True
Is 20593926407 composite?
False
Is 2249030519 a prime number?
True
Is 244151733719 a prime number?
False
Is 175010458123 a prime number?
True
Is 9682315327 a composite number?
False
Is 13364564267 composite?
False
Is 55949374721 composite?
False
Is 355310129 prime?
True
Is 1546661111 a composite number?
True
Is 4815649639 prime?
True
Is 2201860939 a composite number?
True
Is 60417061 a composite number?
False
Is 60136281391 a prime number?
True
Is 5027082161 a composite number?
True
Is 334159901 composite?
False
Is 547666289 a composite number?
True
Is 377169059 composite?
False
Is 1192949467 composite?
False
Is 910512013 a composite number?
True
Is 1380470163 composite?
True
Is 18028625051 a composite number?
True
Is 376630313447 a prime number?
False
Is 14668728017 a prime number?
True
Is 5198542589 a composite number?
False
Is 36095502887 a prime number?
True
Is 592294607 prime?
True
Is 778354069 prime?
True
Is 3618444149 a prime number?
False
Is 7188170593 a composite number?
False
Is 655956709 composite?
False
Is 15697995623 a composite number?
False
Is 1359059993 composite?
True
Is 9778973909 a composite number?
False
Is 20338461893 composite?
False
Is 425639833 prime?
False
Is 2597638227 prime?
False
Is 16594914047 prime?
True
Is 13368746591 composite?
False
Is 186209589 prime?
False
Is 10716376721 a prime number?
False
Is 3203461697 composite?
True
Is 159867749402 a composite number?
True
Is 4242347881 composite?
True
Is 1540945843 composite?
True
Is 23713598009 composite?
False
Is 3958579753 a prime number?
False
Is 296441531 prime?
True
Is 2535302573 composite?
False
Is 8151397231 a prime number?
False
Is 8640805363 a composite number?
False
Is 102122845129 a composite number?
False
Is 797509319 composite?
False
Is 636923603 composite?
True
Is 1208997079 prime?
True
Is 8466753283 prime?
True
Is 25752904237 composite?
False
Is 74584389769 a composite number?
False
Is 36405877507 composite?
True
Is 6326520887 prime?
False
Is 288713317 a composite number?
True
Is 10197565783 prime?
True
Is 1031817067 a composite number?
True
Is 23876482453 prime?
True
Is 890415839 a composite number?
True
Is 13452900947 prime?
False
Is 10975142821 composite?
False
Is 431499637 a composite number?
False
Is 47787007 prime?
False
Is 7675910777 a composite number?
False
Is 952887326 prime?
False
Is 30985510931 a prime number?
True
Is 1227434165 composite?
True
Is 1252450509 a composite number?
True
Is 46848123899 a composite number?
False
Is 6749728621 a composite number?
False
Is 6822901661 a composite number?
False
Is 1246960489 a prime number?
False
Is 321725291 a prime number?
True
Is 14553666251 prime?
True
Is 854669987 prime?
True
Is 10462322239 a composite number?
True
Is 72037322581 prime?
False
Is 2054158979 a prime number?
True
Is 17916453431 a prime number?
False
Is 8862140011 a composite number?
True
Is 180034739 composite?
False
Is 4750147841 a composite number?
True
Is 61772267 a composite number?
False
Is 16944764153 composite?
False
Is 23026002239 a prime number?
True
Is 4031963597 composite?
False
Is 11292117041 a composite number?
False
Is 24291486019 a composite number?
False
Is 53771497 composite?
True
Is 11582112011 a prime number?
False
Is 6075531137 a composite number?
True
Is 13714741549 a composite number?
False
Is 885157643 a composite number?
False
Is 16469378859 a prime number?
False
Is 60463851377 a prime number?
True
Is 700409819 composite?
False
Is 1458402661 composite?
False
Is 1796180213 a prime number?
False
Is 6006572755 composite?
True
Is 9339842713 prime?
False
Is 10739095921 a composite number?
True
Is 1783204607 a prime number?
True
Is 9523698551 prime?
False
Is 1447748971 a prime number?
False
Is 2940889813 a composite number?
True
Is 3260888857 composite?
True
Is 31502363987 a prime number?
True
Is 7945362209 a composite number?
False
Is 8047886305 composite?
True
Is 42596226353 a composite number?
False
Is 11185318003 prime?
True
Is 17468363789 composite?
False
Is 1265701733 a composite number?
False
Is 74604437639 prime?
True
Is 76211423 composite?
True
Is 175537711 composite?
False
Is 5803384123 composite?
True
Is 53301293 composite?
False
Is 44303531551 composite?
False
Is 1389801929 composite?
True
Is 3652960613 composite?
False
Is 15877650727 composite?
True
Is 6838637507 composite?
True
Is 8584120457 a prime number?
False
Is 246401479 a prime number?
False
Is 2538408439 a composite number?
True
Is 20321898391 prime?
False
Is 8429789 a composite number?
False
Is 7679472583 prime?
True
Is 25530811051 prime?
False
Is 253350673 composite?
False
Is 3131571845 composite?
True
Is 449037229 composite?
False
Is 13061433557 a prime number?
False
Is 856345187 a composite number?
False
Is 1046617591 a prime number?
False
Is 416227379 a composite number?
True
Is 3722384879 a prime number?
True
Is 21978441913 a composite number?
True
Is 4553239441 prime?
False
Is 5425067 composite?
False
Is 3400955737 composite?
False
Is 851143949 a prime number?
False
Is 868726533 composite?
True
Is 1916038997 a prime number?
True
Is 47514653933 prime?
False
Is 741297643 prime?
False
Is 141346279 prime?
False
Is 3030964969 a composite number?
True
Is 17352344197 composite?
False
Is 700269413 prime?
True
Is 1565593759 composite?
False
Is 17784284005 a prime number?
False
Is 19713890597 a composite number?
False
Is 711064919 prime?
False
Is 673837589 a prime number?
True
Is 10427851253 a composite number?
False
Is 31655100121 a prime number?
False
Is 97472730769 a composite number?
False
Is 96625181327 a composite number?
False
Is 625836437 composite?
False
Is 12962573189 composite?
False
Is 8876933497 composite?
False
Is 1959475237 prime?
False
Is 515229901 a composite number?
False
Is 33327210679 a composite number?
True
Is 35711477311 composite?
False
Is 20215182149 a prime number?
False
Is 294919873 a prime number?
True
Is 195716369 composite?
False
Is 19740669101 composite?
True
Is 2505823339 a prime number?
False
Is 804964379 composite?
False
Is 2392829671 a composite number?
True
Is 1501035581 a prime number?
True
Is 73015694 a prime number?
False
Is 3793370297 prime?
True
Is 2197315013 composite?
False
Is 494098771 prime?
False
Is 135500231 composite?
False
Is 185532299 composite?
True
Is 249480221 a prime number?
True
Is 42658346347 prime?
False
Is 224989880539 prime?
True
Is 7646141641 composite?
True
Is 83165903 prime?
True
Is 11196100469 composite?
True
Is 380946089 a composite number?
True
Is 2266031699 composite?
False
Is 172173192745 a composite number?
True
Is 249041369 composite?
True
Is 20876406223 composite?
False
Is 287683093 a composite number?
True
Is 17871975281 prime?
True
Is 5474297 a prime number?
True
Is 1703388887 a composite number?
False
Is 1395173237 a prime number?
True
Is 28053361459 prime?
False
Is 2931707827 composite?
False
Is 921748687 prime?
False
Is 4394897939 a composite number?
True
Is 457194919 prime?
True
Is 1306770413 prime?
False
Is 126308738807 a composite number?
False
Is 21946295893 composite?
False
Is 19601150339 prime?
True
Is 1827083623 prime?
False
Is 691904281 a prime number?
False
Is 165931983889 prime?
False
Is 1003258171 composite?
False
Is 59427759701 prime?
False
Is 4800204349 a composite number?
False
Is 1090191205 prime?
False
Is 52359253 composite?
False
Is 6867594599 a prime number?
True
Is 537453683 a prime number?
False
Is 61726393 composite?
False
Is 6764325359 composite?
True
Is 2657528033 a prime number?
False
Is 15759168221 a prime number?
False
Is 136377831 prime?
False
Is 2126595517 a prime number?
True
Is 12585321101 prime?
True
Is 1196317721 prime?
False
Is 271332889 a prime number?
True
Is 218989906 a composite number?
True
Is 5205933437 prime?
False
Is 525812519 prime?